divided by m.
10
Let o(i) = -i**3 + 2*i**2 - 2*i. Let r be o(3). Let y be (-8)/(-20) + (-69)/r. Suppose 6*s - 359 = -y. What is the remainder when s is divided by 16?
11
Suppose 3*j + 45*f - 50*f = 21514, -4*j - 5*f + 28732 = 0. What is the remainder when j is divided by 167?
164
Let c(q) = -q**3 + 7*q**2 - q - 7. Let w be c(4). Suppose -940 = -w*i + 27*i. Calculate the remainder when i is divided by 20.
14
Suppose 5*c + 21*h - 838 = 23*h, -c + h = -164. What is the remainder when 1014 is divided by c?
164
Suppose 2*n - 32 = -3*t, 6 = -t - 12*n + 8*n. Suppose t*w - 115 = 277. What is the remainder when 28 is divided by w?
0
Suppose l - 1 = 1. Suppose l*y - y = -4*y. Suppose -68 = -3*z - 4*m, -5*z + 115 = -y*m + 5*m. Calculate the remainder when z is divided by 5.
4
Let d(h) = h**3 + h**2 - h. Let z(t) = 6*t**3 + 25*t**2 + 46*t + 23. Let m(y) = -5*d(y) + z(y). Calculate the remainder when m(-17) is divided by 8.
7
Suppose 0 = j + 3*p - 7, -13*j = -8*j - p - 35. Calculate the remainder when 1203 is divided by j.
6
Suppose -5*l - 4*i + 286 = 0, -2 = -l - 4*i + 52. Let t = 162 + -178. Calculate the remainder when l is divided by (-17 - t) + -1 + 35 + -1.
26
Let m(p) = -6*p**3 + 4*p**2 - 2*p + 16. Let j be m(4). Let o = j + 541. What is the remainder when o is divided by 46?
45
Let h = -13 - -28. Let c = 123 + -118. Let q = c + 38. Calculate the remainder when q is divided by h.
13
Suppose q = 5*q + 5*j - 18, -3*j = -2*q + 42. Calculate the remainder when 1040 is divided by q.
8
Let c(v) = 11*v**2 + 383*v + 79. Calculate the remainder when 848 is divided by c(-35).
103
Suppose 14 = 3*d - 7. Suppose -2*w - 3*h + 11 = 0, h = 4*w - 17 + 2. Let r(t) = 2*t**3 - 8*t**2 + 4*t - 7. Calculate the remainder when r(w) is divided by d.
2
Let h = -385 - -712. Let s(x) = -46*x + 47. Let o be s(6). Let z = h + o. What is the remainder when z is divided by 33?
32
Suppose -28*f + 300 = -24*f. Suppose 5*p = 2*g - 78, 3*g - p + 117 = 6*g. What is the remainder when f is divided by g?
36
Let y = 18302 + -17873. What is the remainder when y is divided by 105?
9
Suppose -3*a + 849 = r, 2*a - 4*r = -2*a + 1132. What is the remainder when a is divided by -2 + 4 + (-4240)/(-92) + (-6)/69?
43
Suppose -2*n + 121*f + 7866 = 120*f, 7848 = 2*n - 4*f. What is the remainder when n is divided by 263?
254
Suppose -6*w - 56 = -5*w. Let h = 80 + w. Suppose 4*q - 12 = h. Calculate the remainder when 14 is divided by q.
5
Let u = 4090 + -4014. Calculate the remainder when 233 is divided by u.
5
Suppose -x - 430 = -4*f, 0 = 3*f - 2*x + x - 322. Let r = 24333 + -24319. What is the remainder when f is divided by r?
10
Let o(n) = 2*n**3 + 9*n**2 - 10*n - 13. What is the remainder when 1417 is divided by o(-4)?
41
Let m be 3 - (-2 + (0 - -3)). Suppose h - u = 236, 2*h = u + m*u + 475. Calculate the remainder when h is divided by (-47)/(-28)*8*(42/(-12))/(-1).
45
Let o = -22467 - -22983. What is the remainder when o is divided by 282?
234
Suppose 159*v - 11391 = 156*v. Calculate the remainder when v is divided by 19.
16
Let c(r) = 60*r. Let u be c(11). Suppose i - u = -4*i. What is the remainder when i is divided by (1449/644)/((-1)/(-12))?
24
Suppose -208432 = -37*t - 122222. What is the remainder when t is divided by 180?
170
What is the remainder when -8 + 10 + (-1 - -2223) is divided by 42?
40
Suppose 2866 = 108*w - 99*w - 5000. What is the remainder when w is divided by 39?
16
Let k = 283 - 135. Suppose 5*v - k = -5*m - 28, 3*m + 2*v - 70 = 0. Let j = 25 - -7. What is the remainder when j is divided by m?
10
Suppose -j = 138 + 65. Let a(u) = 19*u + 42. Let m be a(16). Let v = m + j. Calculate the remainder when v is divided by 9.
8
Suppose 129 - 41 = 2*n. What is the remainder when 227 + 12/(-2) - (-7)/(-1) is divided by n?
38
Let o(z) = 20*z + 394. Let t = -29 - -11. What is the remainder when 441 is divided by o(t)?
33
Let v(o) = -o**3 + 4*o**2 + 3*o. Suppose -97 + 101 = -2*x. Calculate the remainder when v(x) is divided by 11.
7
Let f(d) = d**3 + 20*d**2 + 20*d + 29. Let k be f(-19). Let w(h) = 14*h - 47*h + 14*h + k*h + 4. What is the remainder when w(-4) is divided by 16?
8
Suppose -34*h + 29*h = 4735. Let p = h - -1106. What is the remainder when p is divided by 55?
49
Let b = -50 + 851. Suppose -b = -8*h - h. Calculate the remainder when h is divided by ((-23)/2)/((-1)/2).
20
Let p = -73 + 150. Suppose -23 + p = 2*u. Calculate the remainder when u is divided by 19.
8
Let u = 27 - 24. Let x(h) = 5*h - 4. Let c(y) = -5*y + 5. Let b(m) = 2*c(m) + 3*x(m). What is the remainder when 38 is divided by b(u)?
12
Suppose m + 2*d - 284 = 0, 4*d - 692 = -4*m + 452. Suppose m = 7*f + 85. Suppose -33*t - 430 = -38*t. What is the remainder when t is divided by f?
28
Let d(y) = y**2 - 33*y - 381. What is the remainder when 210 is divided by d(-10)?
14
Suppose 2*s + 36 = 4*s. Let x = 46 - s. Let t = 66 - x. Calculate the remainder when 145 is divided by t.
31
Let w = -1922 - -7488. What is the remainder when w is divided by 16?
14
Suppose -j + 5155 = 5*k - 4580, 2*k + 2*j - 3886 = 0. What is the remainder when k is divided by 6?
4
Suppose 2*k = 5*b - 8543, 82*b - 79*b - 5119 = 8*k. Calculate the remainder when b is divided by 16.
13
Let y(u) = -5*u + 7. Let w(l) = -l. Let n(k) = -4*w(k) + y(k). Suppose -2*m = -2*c - 24, 5*m = 11*c - 7*c + 59. What is the remainder when m is divided by n(5)?
1
Let o(s) = 9*s**3 + s**2 - s - 1. Let m(v) = -v**3 - 34*v**2 + 15*v + 3. Let p be m(-35). What is the remainder when o(2) is divided by (p/(-185))/((-1)/5)?
16
Let z(q) = -3*q**2 - 25*q - 22. Let p be z(-10). Let m = p + 149. Calculate the remainder when m is divided by 6.
5
Let p = -364 - -357. What is the remainder when 227 is divided by (-5 - p - 5) + 24?
17
Let d = 9052 - 7799. What is the remainder when d is divided by 105?
98
Suppose -28*o - r - 9873 = -33*o, 3*o - 2*r = 5935. Calculate the remainder when o is divided by 25.
23
Suppose -23231 = -10*l + 27529. Suppose -4*i - l = -31*i. What is the remainder when i is divided by 60?
8
Let u(g) = 18*g + 92. Let a be u(-5). Suppose -a*d + 434 = 12*d. Suppose -z + 103 = 3*r, -3 - 12 = -3*r. What is the remainder when z is divided by d?
26
Suppose 2*w - 5*m + 4 = -2, -2*m + 18 = -2*w. Let i = w - -30. Calculate the remainder when 64 + -1 + (-9)/((-99)/44) is divided by i.
16
Let n(u) = -7*u**3 - 2*u**2 - 4*u - 3. Let y be n(-1). Let z be 762/8 + 7/(56/y). Let v = -83 + z. Calculate the remainder when 35 is divided by v.
9
Let v = -29619 - -30142. What is the remainder when v is divided by 183?
157
Calculate the remainder when (33 - 45)*(1 - (-655)/(-2)) is divided by 5.
3
What is the remainder when (-1018)/((-6 + 5)*2) is divided by 160?
29
Suppose -15530 = -0*n - 38*n + 29348. Calculate the remainder when n is divided by 37.
34
Let b = 64 + -23. Let o = 1 + -12. Let g = 3 - o. Calculate the remainder when b is divided by g.
13
Suppose -13 + 23 = z. Calculate the remainder when (16/z)/((-12)/(-90)) is divided by 8.
4
Let c(t) = t**2 + 18*t - 54. Let i be (1 - 2)*(5 + 2)/(-7). Let g be (1 + -25 + 3)/i. What is the remainder when 24 is divided by c(g)?
6
Let o = -69 - -122. Suppose -7*s + 14*s = 21. Suppose 3*q = -p + 5*p + 73, -s*q = 2*p - 49. What is the remainder when o is divided by q?
15
Let u = 5746 - 5717. What is the remainder when 172 is divided by u?
27
Let x be 0 + (0/4)/5 + 2. Suppose x*k - 3*k + 130 = -3*y, 2*k - 275 = y. Calculate the remainder when k is divided by 35.
34
Suppose 15*l = -11*l + 1196. Suppose 0 = -r + 3*y + l, -y - 82 = -3*r - 6*y. What is the remainder when 264 is divided by r?
26
Let z = 4781 - 4758. What is the remainder when 181 is divided by z?
20
Suppose -i - 20*i + 6612 = -20478. What is the remainder when i is divided by 412?
54
Suppose -1110 = -170*q + 165*q. Suppose 35 - q = -11*a. Let l = 28 + -19. What is the remainder when a is divided by l?
8
Suppose 5*u = 57*g - 58*g + 53, -g = 3*u - 35. Suppose -5*s + 0*s = -5, x = -3*s + 57. What is the remainder when x is divided by g?
6
Let r = -17317 - -17457. Calculate the remainder when 381 is divided by r.
101
Suppose -3*i + a + 28 = -4*a, 2*i = 4*a + 20. Suppose -9*l = -35 + 8. Calculate the remainder when i is divided by l.
0
Let o = -15804 + 15949. What is the remain